m - 155 = 3*m. What is the tens digit of u?
3
Let o be 2 - (0/3)/(-2). What is the tens digit of 245/10 - 1/o?
2
Suppose -d + 1 = -1. Suppose -a - 3*u = d*u - 15, -4*a + 15 = 5*u. Suppose y + a*k + 17 = -4*k, -5*y = -2*k - 25. What is the units digit of y?
3
Let p(j) = j**2 - 2*j - 7. What is the units digit of p(7)?
8
Suppose -3*i - 12 = -6*i. Let m = i + -3. What is the units digit of m?
1
Suppose o - 4*o = 18. Let y(v) = 5*v**2 - 6*v - 4. Let r(w) = w**2. Let m(h) = 6*r(h) - y(h). What is the units digit of m(o)?
4
Let j be 2/1*-1 + 2. Suppose 3*k - 4*n - 64 = j, n - 84 = -4*k + 5*n. Suppose -2*z = -4*z + k. What is the units digit of z?
0
Suppose 0 = -10*b + b + 3042. What is the tens digit of b?
3
Let t = 24 - -69. What is the units digit of t?
3
Let p(y) = y**2 + 9*y + 11. Let h be (-59)/(-2) + 1/2. Suppose i - 28 = 5*i - 2*z, -3*i = 3*z + h. What is the units digit of p(i)?
3
Let v(c) = c**2 - 12*c + 40. What is the tens digit of v(14)?
6
Suppose 2*o = -3*o + 80. Suppose 4*y + 4 = -o. What is the tens digit of 16 + -2 - (-3 - y)?
1
Suppose -2*s = -2*o + 600, -o - 1496 = -6*o + 4*s. What is the hundreds digit of o?
2
Let f = -125 + 197. Suppose -5*s = -2*j + 23 + 25, -5*s = 3*j - f. What is the units digit of j?
4
Let f be 2/(-2 + 27/13). Let r = f + -17. Let d = r - 2. What is the units digit of d?
7
Suppose -2*n + 38 - 12 = 0. What is the tens digit of n?
1
Suppose -4*w - 1 = 3*y - 0*y, 4*w = y + 11. Suppose 2*v = -w*v + 128. What is the units digit of v?
2
Suppose -8*c = -3*c - 5, -2*f + 5*c + 197 = 0. Suppose -3*q + 33 = j, -5*j + q + 0*q = -f. What is the tens digit of j?
2
Let k be (-634)/(-14) - (-12)/(-42). Suppose -k = j - 6*j. What is the units digit of j?
9
Let r = 32 + -18. What is the tens digit of r?
1
Let p = -3 - -3. Suppose p = 2*h - 4*h + 8. What is the units digit of h?
4
Suppose 2*l = -5*k - 181, k - 288 = 3*l + 3*k. Let x be (-4)/(-8) + l/(-4). Suppose -3*j + x = 5*b, -5*b = -10 - 0. What is the units digit of j?
5
What is the tens digit of ((-55)/(-20))/((-1)/(-12))?
3
Let s = -23 - -33. What is the units digit of s?
0
Suppose -6 = -6*x + 4*x. Suppose -2*k - x*z - 2*z = -5, k - 8 = 3*z. What is the units digit of k?
5
Let h(x) = -4*x. What is the units digit of h(-2)?
8
Let t = -84 + 423. What is the units digit of t?
9
Suppose 12 = 3*n + n. Suppose -2*d + 128 = n*g, 12 = 4*g - 3*d - 136. Suppose -4*t + g = t. What is the units digit of t?
8
What is the hundreds digit of 4/18 + 1850/18?
1
Suppose 4*g + 55 - 195 = 0. What is the units digit of g?
5
Suppose 0 = 2*p + 10, 4*j - 3 - 10 = -3*p. Let y(v) = -v**2 + 7*v + 3. Let x be y(j). Suppose -3*o = -6*o + x. What is the units digit of o?
1
Suppose 3*v - 3*i = -6, v = -v + 3*i - 9. Suppose -5*y + v*y = -14. Suppose 2*r - y = 27. What is the units digit of r?
7
Suppose 3*m = 4*h + 520, -2*m + 4*h = -h - 342. What is the hundreds digit of m?
1
Suppose -4*a = -0*v + 5*v - 34, -2*v - 8 = -2*a. Suppose -5*f + f + s = -73, 2*s - a = 0. What is the tens digit of f?
1
Let o(i) = i + 39. Suppose 0*b = 4*b. What is the units digit of o(b)?
9
Let h(z) = -z**3 + 7*z**2 - 5*z + 3. Let r be h(6). Let u(w) = w**3 - 10*w**2 + 10*w - 5. What is the units digit of u(r)?
4
Suppose -2*g - 2 = 0, 2*r - 2 - 1 = -g. What is the units digit of (0 - 1)*(-11 - r)?
3
Let i be (-12)/2 + 3 + 7. Suppose -2*m + 4 = -i*m. What is the tens digit of (m - (-5)/2)*22?
1
Suppose 2*c - 7*c - 5*w + 240 = 0, 5*c = -3*w + 234. What is the units digit of c?
5
Let w(g) = g**3 + 5*g**2 + 3*g + 3. Let p be w(-4). Let d = p + -2. Suppose -o + 17 = -5*s + 63, -d*s = o - 54. What is the tens digit of s?
1
Let g(u) = -u + 37. Let t be g(0). Suppose -q + 2*q = t. What is the tens digit of q?
3
Suppose 146 - 401 = -5*a. What is the tens digit of a?
5
Let f = -1 + 4. What is the tens digit of -1*(-4 - 1)*f?
1
Let o = -3 + 5. Suppose -65 = -4*r + 127. Suppose 0 = -2*w - o*w + r. What is the tens digit of w?
1
Let j = -104 - -226. What is the units digit of j?
2
Let p = 469 - 214. What is the units digit of p?
5
Suppose 5*o + 3*n = n + 25, -o + 23 = 4*n. Suppose -2*t = -0*z - o*z + 18, 0 = z + 5*t - 23. What is the units digit of z?
8
What is the units digit of (-2)/8 + (-178)/(-8)?
2
Let a be ((-135)/(-20))/(-9)*-24. Let v = -2 + 3. Let n = a + v. What is the units digit of n?
9
Let f be (1 - 12) + (-6)/(-3). Let r(k) = -2*k - 4. What is the units digit of r(f)?
4
Let z(l) = -2*l + 6*l**3 - 2 - 3*l**3 - 6*l**2 - 5 - 4*l**3. What is the units digit of z(-6)?
5
Suppose 3*t - 4*f = 7, 0 = -4*f + 3*f - 1. Let q be (2 - 1)*t*3. Suppose 0*x - 2 = q*c - 4*x, 3*c + 2*x = 28. What is the units digit of c?
6
Suppose 0 = 2*q - 3*q + 32. What is the units digit of q?
2
Let c(z) = -z**3 + 5*z**2 + 6*z - 6. Suppose 3*j - 12 = a, 0 = -j - 4*a + 1 + 16. What is the units digit of c(j)?
4
Let r(z) be the third derivative of z**7/5040 + z**6/720 + z**5/60 + 2*z**2. Let w(m) be the third derivative of r(m). What is the units digit of w(1)?
2
Let a = 152 + -32. What is the hundreds digit of a?
1
Suppose 3*d = -m + 53, 5*d = -m + d + 57. What is the tens digit of m?
4
What is the units digit of 3 - (0 - -1) - -1?
3
Suppose -j + 4 = -r - 3*j, -4*j = 5*r + 8. Suppose 2*p = -0 + 4. What is the units digit of 9/3 - (p + r)?
1
Let s(f) = f + 2. Let p be s(0). Let l(w) = 15 + 0*w**p + 0*w**2 - 3*w**2 + 4*w**2 - w. What is the units digit of l(0)?
5
Let t(g) = 2 + 3*g + 2 - 3. What is the units digit of t(2)?
7
Let k(r) = -r + 1. Let o be k(-6). Let l = -6 + o. What is the units digit of l?
1
Let w = 39 - 75. Let j be w/10*5/(-2). What is the units digit of j/(-2)*2*-1?
9
Suppose 5*u + 20 = -5*a, 0 = 2*u - 0 + 2. What is the tens digit of 76/(-8)*(a - -1)?
1
Suppose 4*o + d = -0*d + 130, 5*o - 163 = -d. What is the units digit of o?
3
Let n = -206 + 360. What is the tens digit of n?
5
Let g = 3 + -1. Let b be (g/(-2))/(-1) - -1. What is the units digit of b/(-5) + (-66)/(-15)?
4
Suppose 5*c - 14 = -v, -3*v = -3*c - 0*c - 6. What is the units digit of v/(-10) + 49/35?
1
Suppose 0 = -10*v + 14*v - 472. What is the tens digit of v?
1
Let n(p) = 7*p**3 - 20*p**2 + 11*p + 12. Let b(w) = 3*w**3 - 10*w**2 + 6*w + 6. Let t(g) = -5*b(g) + 2*n(g). What is the units digit of t(9)?
3
Let t(l) = -2*l + 4. Let h = -2 + 6. Let s be t(h). Let g = 6 + s. What is the units digit of g?
2
Let d(c) = c + 9 - 4*c - 6. What is the tens digit of d(-5)?
1
Suppose 0 = -h - 3*k + 6, 2*h - k = 4 + 15. Suppose -h*m + 7*m = -44. What is the units digit of m?
2
Let j(l) = -2*l**3 - 7*l**2 - 7. Let w be j(-5). Suppose 4*d - 63 = -5*c + 5, -4*d + w = 2*c. What is the tens digit of d?
1
Let x(l) = -l**3 - 2*l**2 + 4*l + 4. Suppose -5*d - 20 = -0*d. What is the tens digit of x(d)?
2
Let l(s) be the third derivative of s**6/120 + 7*s**5/30 + s**4/2 - 5*s**3/6 + 2*s**2. What is the units digit of l(-13)?
8
Let a be 6/(-27) + 4/18. Let k(h) = -h + 4. Let g be k(2). Let n = a + g. What is the units digit of n?
2
Suppose m = 8 + 103. Suppose 0*j - m = -3*j. What is the units digit of j?
7
Let z = 87 + -51. What is the units digit of z?
6
Suppose 0 = -5*f - 3*v + 152, 16 = -f - 4*v + 60. Suppose 0 = 3*y - y - f. What is the units digit of y?
4
Let d(i) = i**2 + 11*i + 9. Let f = 5 - 7. Let y be f/(6/33 + 0). What is the units digit of d(y)?
9
Let x be -2*(-2)/(-4)*-2. Suppose x*h - 3*h = 4. Let t = -3 - h. What is the units digit of t?
1
Suppose -4 + 1 = 3*n, 103 = 5*m - 3*n. What is the tens digit of (1 - -3)/(-2) + m?
1
Suppose 4*z - 29 = -0*z - n, 0 = 2*z - 2*n - 2. Let o = z - 5. What is the units digit of o?
1
Let u = 176 - 97. What is the tens digit of u?
7
Let z = 12 + -9. Suppose d + 2 = z*x - 0, 5*d = -4*x + 28. Let a(l) = 5*l**2 - 2*l. What is the tens digit of a(x)?
1
Let c be 10/2*1/1. Suppose 27 - 9 = 3*n. Suppose 0 = -3*d + c*d - n. What is the units digit of d?
3
Let h = 5 - 4. Let x be (-2)/((h - 2) + 0). Suppose -x + 12 = 2*j. What is the units digit of j?
5
Suppose 5*r - p - 89 = 0, 4*r - 3*p + 8*p = 77. Suppose -7*i + 3*i - 2*f + 4 = 0, 5*f = -20. Suppose v - i*v = -r. What is the units digit of v?
9
Suppose 122 = 6*d + 14. What is the tens digit of d?
1
Suppose -3*g - 3*t + 6 = 0, -g + t - 2 = 3*g. Suppose -3*k + 2*k + 20 = g. What is the units digit of k?
0
Let o